{"id":6,"date":"2021-08-17T02:33:13","date_gmt":"2021-08-17T00:33:13","guid":{"rendered":"http:\/\/cc.subdesign.net\/?page_id=6"},"modified":"2025-03-19T15:38:35","modified_gmt":"2025-03-19T14:38:35","slug":"das-produkt","status":"publish","type":"page","link":"https:\/\/citycards-dresden.de\/","title":{"rendered":"Das Produkt"},"content":{"rendered":"\n<div class=\"wp-block-columns is-layout-flex wp-container-core-columns-is-layout-9d6595d7 wp-block-columns-is-layout-flex\">\n<div class=\"wp-block-column is-layout-flow wp-block-column-is-layout-flow\" style=\"flex-basis:80%\">\n<h4 class=\"wp-block-heading\">Geschickt geschickt: CityCards &#8211; das gr\u00f6\u00dfte deutsche Gratispostkartensystem.<\/h4>\n\n\n\n<p>Gratispostkarten geh\u00f6ren zu den beliebtesten Werbeformen bei den bis 35-J\u00e4hrigen. CityCards in Dresden sind das erste und gr\u00f6\u00dfte Netzwerk f\u00fcr Gratispostkarten.<\/p>\n\n\n\n<p>Mit CityCards sprechen Sie die Sprache der jungen, mobilen Erwachsenen und erreichen diese sicher, direkt und wirksam.<br>Das Ausgehpublikum im Alter von 18 bis 35 Jahren bewegt sich gern in ungezwungenem Freizeitambiente, um gemeinsam zu diskutieren, zu kommunizieren, zu lachen und zu entscheiden. In diesem Umfeld ist CityCards zu Hause &#8211; hochakzeptiert und neben Produktproben die beliebteste Werbeform (Timescout-Studie). Warum<\/p>\n\n\n\n<ul class=\"wp-block-list\"><li>Wechselt \u00f6fter<\/li><li>Macht gl\u00fccklicher<\/li><li>Trifft genauer<\/li><li>Ist vielf\u00e4ltiger<\/li><li>Reicht weiter<\/li><li>Macht transparenter<\/li><\/ul>\n\n\n\n<p>Viele Argumente sprechen f\u00fcr CityCards. Mehr dazu in der CityCards Imagebrosch\u00fcre, die Sie sich <a href=\"http:\/\/cc.subdesign.net\/index.php\/kontakt-downloads\/\" data-type=\"page\" data-id=\"33\">hier<\/a> downloaden k\u00f6nnen.<\/p>\n\n\n\n<div style=\"height:40px\" aria-hidden=\"true\" class=\"wp-block-spacer\"><\/div>\n\n\n\n<h2 class=\"wp-block-heading\">Die Fakten<\/h2>\n\n\n\n<h4 class=\"wp-block-heading\">Gratispostkarten sind bekannt<\/h4>\n\n\n\n<p>90% der j\u00fcngeren Bev\u00f6lkerung in Deutschland kennen Gratispostkarten. 90% der Besucher der Szene-Gastronomie haben Werbung auf Gratispostkarten in Caf\u00e9s, Bars, Restaurants und Kneipen gesehen. 61% der Postkartennutzer kennen CityCards.<\/p>\n\n\n\n<h4 class=\"wp-block-heading\">Nutzer von Gratispostkarten sind jung und gebildet.<\/h4>\n\n\n\n<p>Zwei Drittel sind nicht \u00e4lter als 29 Jahre. Ein Drittel befindet sich in der Ausbildung. Die H\u00e4lfte hat Hochschulreife.<\/p>\n\n\n\n<h4 class=\"wp-block-heading\">Die Zielgruppe hat h\u00e4ufigen Kontakt mit dem Medium.<\/h4>\n\n\n\n<p>Weit \u00fcber die H\u00e4lfte der Zielgruppe kommt mindestens einmal pro Woche mit Gratispostkarten in Ber\u00fchrung. Drei Viertel haben mindestens einmal in zwei Wochen Kontakt mit Gratispostkarten.<\/p>\n\n\n\n<h4 class=\"wp-block-heading\">Gratispostkarten haben hohe Werbewirkung<\/h4>\n\n\n\n<p>Ein Drittel der Zielgruppe erinnert sich an ein Werbemotiv ausschlie\u00dflich \u00fcber Gratispostkarten. Zwei Drittel erinnern sich an ein Werbemotiv \u00fcber Gratispostkarten und klassische Medien.<br>Weitere Informationen erhalten Sie in der <a href=\"http:\/\/www.subdesign.net\/_res\/downloads\/cc_mafo_verband.pdf\">Marktforschung CityCards als PDF<\/a>.<\/p>\n\n\n\n<p><\/p>\n<\/div>\n\n\n\n<div class=\"wp-block-column is-layout-flow wp-block-column-is-layout-flow\" style=\"flex-basis:20%\">\n<h4 class=\"wp-block-heading\">Das Display<\/h4>\n\n\n\n<figure class=\"wp-block-image size-large\"><img loading=\"lazy\" decoding=\"async\" width=\"327\" height=\"1024\" src=\"http:\/\/cc.subdesign.net\/wp-content\/uploads\/2021\/08\/cc-display-327x1024.jpg\" alt=\"\" class=\"wp-image-59\" srcset=\"https:\/\/citycards-dresden.de\/wp-content\/uploads\/2021\/08\/cc-display-327x1024.jpg 327w, https:\/\/citycards-dresden.de\/wp-content\/uploads\/2021\/08\/cc-display-96x300.jpg 96w, https:\/\/citycards-dresden.de\/wp-content\/uploads\/2021\/08\/cc-display-491x1536.jpg 491w, https:\/\/citycards-dresden.de\/wp-content\/uploads\/2021\/08\/cc-display.jpg 513w\" sizes=\"auto, (max-width: 327px) 100vw, 327px\" \/><figcaption>Das hochwertige Display aus beschichtetem Stahl ist ein Blickpunkt im Nachtleben. Die eigene Karte wird perfekt in Szene gesetzt.<\/figcaption><\/figure>\n<\/div>\n<\/div>\n","protected":false},"excerpt":{"rendered":"<p>Geschickt geschickt: CityCards &#8211; das gr\u00f6\u00dfte deutsche Gratispostkartensystem. Gratispostkarten geh\u00f6ren zu den beliebtesten Werbeformen bei den bis 35-J\u00e4hrigen. CityCards in Dresden sind das erste und gr\u00f6\u00dfte Netzwerk f\u00fcr Gratispostkarten. Mit CityCards sprechen Sie die Sprache der jungen, mobilen Erwachsenen und erreichen diese sicher, direkt und wirksam.Das Ausgehpublikum im Alter von 18 bis 35 Jahren bewegt <a href=\"https:\/\/citycards-dresden.de\/\" class=\"more-link\">&#8230;<\/a><\/p>\n","protected":false},"author":1,"featured_media":80,"parent":0,"menu_order":0,"comment_status":"closed","ping_status":"closed","template":"","meta":{"footnotes":""},"class_list":["post-6","page","type-page","status-publish","has-post-thumbnail","hentry"],"_links":{"self":[{"href":"https:\/\/citycards-dresden.de\/index.php\/wp-json\/wp\/v2\/pages\/6","targetHints":{"allow":["GET"]}}],"collection":[{"href":"https:\/\/citycards-dresden.de\/index.php\/wp-json\/wp\/v2\/pages"}],"about":[{"href":"https:\/\/citycards-dresden.de\/index.php\/wp-json\/wp\/v2\/types\/page"}],"author":[{"embeddable":true,"href":"https:\/\/citycards-dresden.de\/index.php\/wp-json\/wp\/v2\/users\/1"}],"replies":[{"embeddable":true,"href":"https:\/\/citycards-dresden.de\/index.php\/wp-json\/wp\/v2\/comments?post=6"}],"version-history":[{"count":4,"href":"https:\/\/citycards-dresden.de\/index.php\/wp-json\/wp\/v2\/pages\/6\/revisions"}],"predecessor-version":[{"id":105,"href":"https:\/\/citycards-dresden.de\/index.php\/wp-json\/wp\/v2\/pages\/6\/revisions\/105"}],"wp:featuredmedia":[{"embeddable":true,"href":"https:\/\/citycards-dresden.de\/index.php\/wp-json\/wp\/v2\/media\/80"}],"wp:attachment":[{"href":"https:\/\/citycards-dresden.de\/index.php\/wp-json\/wp\/v2\/media?parent=6"}],"curies":[{"name":"wp","href":"https:\/\/api.w.org\/{rel}","templated":true}]}}